{"id":34,"date":"2012-10-14T10:39:00","date_gmt":"2012-10-14T14:39:00","guid":{"rendered":"http:\/\/muphiepsilonnycac.org\/wordpress\/?page_id=34"},"modified":"2012-10-16T21:54:32","modified_gmt":"2012-10-17T01:54:32","slug":"geoffrey-burleson","status":"publish","type":"page","link":"http:\/\/muphiepsilonnycac.org\/wordpress\/?page_id=34","title":{"rendered":"Geoffrey Burleson"},"content":{"rendered":"<p>Pianist <strong>Geoffrey Burleson<\/strong> has performed to wide acclaim throughout Europe and North America, and is equally active as a recitalist, concerto soloist, chamber musician and jazz performer. The New York Times has hailed Mr. Burleson\u2019s solo performances as \u201cvibrant and compelling,\u201d furthermore praising his \u201crhythmic brio, projection of rhapsodic qualities, appropriate sense of spontaneity, and rich colorings.\u201d Currently, Mr. Burleson is recording Camille Saint-Sa\u00ebns: Complete Piano Music, to be released on 5 CD volumes on the new Naxos Grand Piano label. Saint-Sa\u00ebns: Complete Piano \u00c9tudes, Volume 1 of the set, was released in March 2012, and is the inaugural CD on the new label. Volume 2 was released in June 2012. Both releases have been praised by International Piano Magazine, Fanfare, American Record Guide, and elsewhere. Other recent releases include Roy Harris-Complete Piano Music (Naxos), and Vincent Persichetti: Complete Piano Sonatas (New World Records), a 2-CD set on which all twelve of Persichetti\u2019s piano sonatas are united on one release for the first time. The Persichetti recording was accorded high acclaim from the BBC Music Magazine (\u201cBBC Music Choice\u201d; 5\/5 stars), a laudatory feature review in Gramophone, and was listed among the best recordings released in 2008 by Fanfare and the American Record Guide.  Another recent release is Odd Couple (Oxingale Records), a duo CD of American works with cellist Matt Haimovitz, featuring the Barber and Carter Sonatas, as well as newer works by David Sanford and Augusta Read Thomas.  Mr. Burleson teaches piano at Princeton University, and is Associate Professor of Music and Director of Piano Studies at Hunter College-City University of New York.<\/p>\n","protected":false},"excerpt":{"rendered":"<p>Pianist Geoffrey Burleson has performed to wide acclaim throughout Europe and North America, and is equally active as a recitalist, concerto soloist, chamber musician and jazz performer. The New York Times has hailed Mr. Burleson\u2019s solo performances as \u201cvibrant and &hellip; <a class=\"more-link\" href=\"http:\/\/muphiepsilonnycac.org\/wordpress\/?page_id=34\">Continue reading <span class=\"meta-nav\">&rarr;<\/span><\/a><\/p>\n","protected":false},"author":1,"featured_media":0,"parent":77,"menu_order":9,"comment_status":"open","ping_status":"closed","template":"","meta":[],"_links":{"self":[{"href":"http:\/\/muphiepsilonnycac.org\/wordpress\/index.php?rest_route=\/wp\/v2\/pages\/34"}],"collection":[{"href":"http:\/\/muphiepsilonnycac.org\/wordpress\/index.php?rest_route=\/wp\/v2\/pages"}],"about":[{"href":"http:\/\/muphiepsilonnycac.org\/wordpress\/index.php?rest_route=\/wp\/v2\/types\/page"}],"author":[{"embeddable":true,"href":"http:\/\/muphiepsilonnycac.org\/wordpress\/index.php?rest_route=\/wp\/v2\/users\/1"}],"replies":[{"embeddable":true,"href":"http:\/\/muphiepsilonnycac.org\/wordpress\/index.php?rest_route=%2Fwp%2Fv2%2Fcomments&post=34"}],"version-history":[{"count":3,"href":"http:\/\/muphiepsilonnycac.org\/wordpress\/index.php?rest_route=\/wp\/v2\/pages\/34\/revisions"}],"predecessor-version":[{"id":113,"href":"http:\/\/muphiepsilonnycac.org\/wordpress\/index.php?rest_route=\/wp\/v2\/pages\/34\/revisions\/113"}],"up":[{"embeddable":true,"href":"http:\/\/muphiepsilonnycac.org\/wordpress\/index.php?rest_route=\/wp\/v2\/pages\/77"}],"wp:attachment":[{"href":"http:\/\/muphiepsilonnycac.org\/wordpress\/index.php?rest_route=%2Fwp%2Fv2%2Fmedia&parent=34"}],"curies":[{"name":"wp","href":"https:\/\/api.w.org\/{rel}","templated":true}]}}